5
What is the remainder when 356823960 is divided by 89?
87
Calculate the remainder when 91565010 is divided by 249.
240
Calculate the remainder when 862530 is divided by 1337.
165
Calculate the remainder when 130513 is divided by 8628.
1093
What is the remainder when 460758 is divided by 99?
12
Calculate the remainder when 372643 is divided by 1221.
238
Calculate the remainder when 894778 is divided by 176.
170
Calculate the remainder when 355178 is divided by 44384.
106
What is the remainder when 954651 is divided by 875?
26
What is the remainder when 38165 is divided by 910?
855
What is the remainder when 450751 is divided by 347?
345
Calculate the remainder when 2091398 is divided by 1051.
959
Calculate the remainder when 1109923 is divided by 369922.
157
Calculate the remainder when 145485623 is divided by 460.
43
Calculate the remainder when 1930275 is divided by 643423.
6
What is the remainder when 5686 is divided by 741?
499
What is the remainder when 58459091 is divided by 29229535?
21
What is the remainder when 199212 is divided by 2729?
2724
What is the remainder when 1835092 is divided by 44?
28
What is the remainder when 524499 is divided by 811?
593
What is the remainder when 28433484 is divided by 4553?
4552
What is the remainder when 56671 is divided by 11249?
426
Calculate the remainder when 9581296 is divided by 10.
6
What is the remainder when 513220427 is divided by 724?
719
Calculate the remainder when 4028820 is divided by 218.
180
Calculate the remainder when 8184194 is divided by 20.
14
What is the remainder when 104456891 is divided by 43?
1
What is the remainder when 6976546 is divided by 367186?
12
What is the remainder when 5558070 is divided by 18714?
12
What is the remainder when 1796694 is divided by 359293?
229
Calculate the remainder when 843709 is divided by 1940.
1749
Calculate the remainder when 19151919 is divided by 4225.
4219
What is the remainder when 1179468 is divided by 58971?
48
Calculate the remainder when 57985268 is divided by 35971.
16
What is the remainder when 1514709 is divided by 142?
137
What is the remainder when 315104 is divided by 3295?
2079
What is the remainder when 795380 is divided by 87966?
3686
Calculate the remainder when 1979655 is divided by 1184.
7
What is the remainder when 761789 is divided by 297?
281
Calculate the remainder when 1112600 is divided by 11470.
10
Calculate the remainder when 15583462 is divided by 1297.
7
What is the remainder when 6499265 is divided by 1624794?
89
What is the remainder when 1092663 is divided by 1092645?
18
What is the remainder when 685355 is divided by 57091?
263
Calculate the remainder when 401081 is divided by 133347.
1040
Calculate the remainder when 20489847 is divided by 225.
222
What is the remainder when 52616240 is divided by 613?
611
What is the remainder when 36191978 is divided by 1870?
1868
What is the remainder when 757671 is divided by 40?
31
What is the remainder when 25598 is divided by 1935?
443
Calculate the remainder when 718207 is divided by 101.
97
Calculate the remainder when 1366696 is divided by 170824.
104
What is the remainder when 203862 is divided by 50925?
162
Calculate the remainder when 1933 is divided by 128.
13
Calculate the remainder when 4006611 is divided by 2709.
0
Calculate the remainder when 301105 is divided by 97064.
9913
What is the remainder when 157704 is divided by 383?
291
Calculate the remainder when 552569 is divided by 184121.
206
Calculate the remainder when 65966841 is divided by 2042.
31
Calculate the remainder when 5272693 is divided by 527269.
3
What is the remainder when 80399782 is divided by 13?
8
What is the remainder when 179333948 is divided by 964161?
2
What is the remainder when 274906 is divided by 27487?
36
Calculate the remainder when 2462211 is divided by 63.
45
Calculate the remainder when 1721052 is divided by 365.
77
Calculate the remainder when 5266987 is divided by 1305.
7
Calculate the remainder when 20213 is divided by 8509.
3195
Calculate the remainder when 152888 is divided by 7060.
4628
What is the remainder when 42387 is divided by 298?
71
Calculate the remainder when 2419659 is divided by 2419643.
16
What is the remainder when 16280071 is divided by 8140029?
13
What is the remainder when 918518 is divided by 138?
128
Calculate the remainder when 127777 is divided by 538.
271
What is the remainder when 2663859 is divided by 665723?
967
What is the remainder when 382197 is divided by 880?
277
What is the remainder when 31573 is divided by 15781?
11
What is the remainder when 134590 is divided by 82?
28
What is the remainder when 3888114 is divided by 11537?
145
Calculate the remainder when 4801085 is divided by 2591.
2553
What is the remainder when 3008990 is divided by 250?
240
What is the remainder when 2133569 is divided by 4018?
11
What is the remainder when 5717976 is divided by 29?
17
Calculate the remainder when 49632933 is divided by 6208.
6181
Calculate the remainder when 45176 is divided by 4291.
2266
Calculate the remainder when 187005 is divided by 93437.
131
What is the remainder when 8469669 is divided by 134439?
12
Calculate the remainder when 143334 is divided by 4941.
45
What is the remainder when 4104369 is divided by 585?
9
What is the remainder when 3638384 is divided by 657?
575
Calculate the remainder when 49775 is divided by 203.
40
What is the remainder when 917909 is divided by 300?
209
What is the remainder when 214576219 is divided by 699?
694
Calculate the remainder when 4327148 is divided by 987.
140
What is the remainder when 503315 is divided by 5408?
371
Calculate the remainder when 4958903 is divided by 7641.
7535
What is the remainder when 48591199 is divided by 24295576?
47
What is the remainder when 15618324 is divided by 14?
8
Calculate the remainder when 332835 is divided by 2971.
83
What is the remainder when 563864 is divided by 536?
528
What is the remainder when 4223868 is divided by 49?
19
Calculate the remainder when 147688 is divided by 2409.
739
What is the remainder when 342596 is divided by 1087?
191
What is the remainder when 36365249 is divided by 13559?
11
Calculate the remainder when 2610405538 is divided by 7730.
7728
What is the remainder when 78898302 is divided by 3155932?
2
What is the remainder when 363547 is divided by 290?
177
Calculate the remainder when 239419 is divided by 174.
169
What is the remainder when 335887 is divided by 83909?
251
What is the remainder when 55038959 is divided by 15?
14
What is the remainder when 1478656 is divided by 3651?
1
Calculate the remainder when 598785 is divided by 4049.
3582
What is the remainder when 30145969 is divided by 74?
71
Calculate the remainder when 545709 is divided by 1364.
109
Calculate the remainder when 4525575 is divided by 73.
13
What is the remainder when 22694493 is divided by 978?
3
What is the remainder when 1814086 is divided by 46?
30
What is the remainder when 25339657 is divided by 17?
1
Calculate the remainder when 1817935 is divided by 164.
159
Calculate the remainder when 1043018 is divided by 13935.
11828
Calculate the remainder when 36547053 is divided by 42.
39
What is the remainder when 50677 is divided by 12644?
101
What is the remainder when 2965244 is divided by 6446?
84
Calculate the remainder when 52681752 is divided by 98.
88
What is the remainder when 21282 is divided by 3541?
36
Calculate the remainder when 549081 is divided by 8318.
93
What is the remainder when 97658906 is divided by 7282?
4
What is the remainder when 16198783 is divided by 2997?
2995
What is the remainder when 868502 is divided by 883?
513
Calculate the remainder when 7154634 is divided by 59.
58
Calculate the remainder when 34378 is divided by 3782.
340
Calculate the remainder when 125908 is divided by 1358.
972
What is the remainder when 3906985 is divided by 1953491?
3
Calculate the remainder when 79720 is divided by 1033.
179
Calculate the remainder when 591237 is divided by 78.
75
Calculate the remainder when 1503408 is divided by 33409.
3
What is the remainder when 441330768 is divided by 1533?
1530
Calculate the remainder when 392427 is divided by 63281.
12741
What is the remainder when 1713476 is divided by 1555?
1421
Calculate the remainder when